hat are the prime factors of q?
13, 2411
Suppose 6*z - 2695 = -151. Suppose -z = -5*m - 3*j + 2586, 3*j + 1225 = 2*m. List the prime factors of m.
5, 11
Suppose -10073 + 3607 = -3*l + 8783. List the prime factors of l.
13, 17, 23
Let r be (2 + (-3)/(-1))*(-1302)/(-155). What are the prime factors of 6*(-15 + r + 6/(-4))?
3, 17
Let m(t) = -5*t + 4. Let r be m(-5). Let y(n) = -n**3 + 6*n**2 + 4*n - 32. Let k be y(3). Let l = k + r. What are the prime factors of l?
2, 3
Let t(l) = l**3 - 16*l**2 - 19*l + 36. Let v be t(17). Suppose v*g - 12 = 8*g. What are the prime factors of (12 + -6)/(g/(-43))?
3, 43
Suppose -49768 = -10*u + 40292. What are the prime factors of u?
2, 3, 19, 79
Let y(r) = r**2 + 4*r - 44. Let z be y(6). List the prime factors of ((-7483)/28)/((-4)/z).
1069
Let h = -760 + 763. Suppose 5*b - h*g = 3*b + 1000, 0 = -5*b + 3*g + 2518. What are the prime factors of b?
2, 11, 23
Let r(s) = s + 1. Let g be r(-1). Suppose -h - 2*h - 3*v + 63 = g, -3*v - 17 = -h. List the prime factors of ((-72)/h)/((-12)/160).
2, 3
Suppose 0*u + u = -5*y + 49205, y = 3*u - 147711. What are the prime factors of u?
5, 43, 229
Suppose -59*g + 63*g + i = 68535, 0 = -4*g - 2*i + 68534. List the prime factors of g.
2, 13, 659
Suppose -j = -i - 8707 - 2300, -3*j - 3*i + 33051 = 0. What are the prime factors of j?
2, 2753
List the prime factors of 21494415/1425 - (-8)/(-10).
15083
Let n be (-36)/27*7/((-14)/36). Suppose n*g = 21*g + 852. List the prime factors of g.
2, 71
Suppose -3*n = 2*d - 9, 0*d + 12 = -5*d + 4*n. Suppose -2*p - 2*x = -5*p + 1135, d = 5*x - 5. List the prime factors of p.
379
Let h be 45/(-10)*(-16)/(-6). Let x(f) = -27*f + 14. List the prime factors of x(h).
2, 13
Suppose 5*t = 5*l - 5, -l + 6 = -3*t + 3*l. Suppose -546 = t*b + b. List the prime factors of (b + 2)/((-4)/(-8) - 2).
2, 3, 5
Let a = 199 - -2129. Suppose 20*i = 28*i - a. List the prime factors of i.
3, 97
Let t be -1*(-2 - (-2 + 1)). Suppose -t = -b, -3*q - 6 + 15 = -3*b. Suppose -2*v = 3*d - 6 - 164, q*v - 348 = -4*d. List the prime factors of v.
7, 13
Let a be 0 - -5 - 5 - -555. Suppose 0 = -4*t + 2*t - s + 285, -4*t - 5*s + a = 0. What are the prime factors of t?
5, 29
Suppose 611*j = 3*y + 614*j - 47145, 0 = 5*y - j - 78545. List the prime factors of y.
2, 5, 1571
Suppose 44 = -3*y + 5. Let a be 3 - (41/y + 2/13). Suppose 424 = 10*c - a*c. What are the prime factors of c?
2, 53
Suppose -389334 = -84*k - 266873 + 844883. What are the prime factors of k?
2, 2879
Suppose -12 + 105 = g. Let l = g - 87. What are the prime factors of 8 - (-4)/(4 - l)?
2, 3
Suppose -39*w + 1495 = -44*w. Let f = 330 + w. List the prime factors of f.
31
Suppose -10*y = -571 + 71. Suppose 90 + 154 = 3*p + 5*m, 0 = -2*m + 10. Let b = p - y. List the prime factors of b.
23
Let r be 6/(-4) + 30/4. Let j(a) = -2*a**2 + 12*a + 4. Let q be j(r). Suppose 0 = -q*x - x - 4*v + 280, 5*x + 3*v - 285 = 0. What are the prime factors of x?
2, 3, 5
Let q(k) = k**3 + k**2 + 290. Let f be q(0). Suppose 0 = -3*l + 2*j - 0*j + f, 0 = -2*j + 10. List the prime factors of l.
2, 5
Let d(x) = -x**3 + 12*x**2 + 42*x - 18. Suppose 2*g - 4*g - q = -24, 4*q = g - 30. Let s be d(g). Suppose 3*p - 508 + s = 0. What are the prime factors of p?
2, 5, 11
Let f(w) = -212*w**2 - 22*w**3 + 1 + 211*w**2 - 4 - 3*w. List the prime factors of f(-2).
5, 7
Suppose -130*l - 100133 = -141*l. What are the prime factors of l?
9103
Suppose 5*a + 3*x + 200 = 0, 0 = a + 5*x + 16 + 2. Let t = a + 46. Suppose 5*o - t*o - 132 = -4*z, -5*z + 194 = 3*o. List the prime factors of o.
2, 29
Let w be (8/(-12) + 3476/(-24))*2. Let f be 4610/(-15)*9/(-6). Let m = w + f. List the prime factors of m.
2, 5, 17
Suppose 0 = 5*g - 3*v + 4*v, 0 = 2*g - 2*v. Let c be (-6)/21 + (-148)/(-28). Suppose 3*a = 4*x + 355, g*x = -c*a + 4*x + 581. What are the prime factors of a?
113
List the prime factors of ((-7)/(-35)*-1)/((-308861)/77215 + 4).
15443
Suppose 2*a + 10 = 2*c + 3*c, -2*c + 4 = -a. Suppose -p + 556 = p - 4*b, 5*p = c*b + 1430. What are the prime factors of p?
2, 3
Suppose 2*t + 4*x = 21316, -2*t - 4*x - 42668 = -6*t. Suppose -t - 2776 = -30*d. What are the prime factors of d?
2, 7
Let a = 101 + -164. Let y = a - -63. Suppose y = 8*q - 654 - 690. List the prime factors of q.
2, 3, 7
Let c(l) = -199*l - 18. Let i be c(-13). Suppose 15*b - i = 22*b. Let s = b + 594. What are the prime factors of s?
227
Suppose 4*j = -2*h + 5 + 17, -4*h + 4*j + 8 = 0. Let t(m) = -5 + 8*m - 14*m - h*m - 9*m. List the prime factors of t(-2).
5, 7
Suppose 5*w = -5*g + 1610, 0 = -3*w - 4*g - g + 962. Let l = 559 - w. List the prime factors of l.
5, 47
Let q(l) = 80*l - 37*l - 29*l + 39*l**2 - 36*l + 1. What are the prime factors of q(2)?
113
List the prime factors of (-1)/(-3) - (-21 - 220814/66).
7, 13, 37
Let y be -2*5/30*3. Let c(b) = -190*b**3 + b**2 + b + 1. What are the prime factors of c(y)?
191
Let n(t) = 774*t - 3604. List the prime factors of n(20).
2, 2969
Let o be (1259/2)/((-4)/(-16)*2). Let z = o + -124. What are the prime factors of z?
5, 227
Let t(h) = h**2 + 4*h - 12. Let y be t(-6). Suppose 2*c + 2*q = 6*q - 30, -4*c + q - 81 = y. Let k = 28 + c. List the prime factors of k.
7
Let f(i) = -i + 24. Let h be f(16). Let w(d) = -d + 6. Let a be w(h). Let q(b) = -6*b**3 + 3*b**2 - 1. What are the prime factors of q(a)?
59
Let y(q) = -q**3 + 8*q**2 - 10*q - 18. Let m be y(-1). Suppose 5*j + 811 = 5*r + 2821, 1986 = 5*j + 3*r. What are the prime factors of -3 - (m/((-3)/j) + -1)?
131
Suppose -12*j = 7 + 5. Let r(i) = -639*i + 1. Let y be r(j). Suppose 7*q - 2*q - y = 0. What are the prime factors of q?
2
Let a be (-9 - -6) + (0 - -7). Suppose -8*v = -a*v - 408. Suppose j + 38 = v. What are the prime factors of j?
2
Let q(g) = -g**2 - 23*g - 5. Let x(h) = 10*h + 18. Let b(o) = -o - 1. Let f(n) = 8*b(n) + x(n). Let j be f(-7). What are the prime factors of q(j)?
71
Let y(b) = -25*b**3 + 3*b**2 + 3*b + 42. List the prime factors of y(-7).
7, 1249
Let i be -84*(6 - (-56)/(-8)). Let w(c) = 11*c**2 + c - 5. Let b be w(3). Let l = b - i. What are the prime factors of l?
13
Suppose 4*i + 10 = -4*n - n, 5*n + 10 = -3*i. Let w(v) = 3*v**2 + 2 - v + 8 + 7*v + i*v**2. What are the prime factors of w(-6)?
2, 41
Let t(u) = 232*u**2 - 5*u + 3. Let v be t(1). Let b = -46 + v. What are the prime factors of b?
2, 23
Let a be (78*1 - 0) + 0. Let h = a - 17. Suppose 3*b - h = 95. What are the prime factors of b?
2, 13
Let z = -929 + 160. Let f = -427 - z. List the prime factors of f.
2, 3, 19
Suppose -55*u = -0*u - 25630. What are the prime factors of u?
2, 233
List the prime factors of 6/8 + -1 - (-2727974)/376.
5, 1451
Let g(s) = 4*s - 65. Let h be g(17). Suppose 4*z - 80 = o + h*o, 0 = 3*z + o - 40. List the prime factors of z.
3, 5
List the prime factors of (-118040020)/(-196)*(-2)/(-14).
5, 17207
Let c(t) = 148*t + 9504. What are the prime factors of c(0)?
2, 3, 11
List the prime factors of (-64670)/4*(-74)/185.
29, 223
Let u be (3 - -3 - -1)*14. Let w = 30 + u. List the prime factors of w.
2
Let b(f) = -f**3 - 37*f**2 + 9*f + 937. List the prime factors of b(-39).
2, 907
Suppose 2*v + 15*v = 85. Suppose -9*b = -v*b - 1260. List the prime factors of b.
3, 5, 7
Let h(z) = 13*z + 220. Let y be h(-16). Suppose -2*n - 3387 = -3*l, 9*l - 4*n + 3369 = y*l. List the prime factors of l.
7, 23
Let z(i) = 31*i - 841. Let t be z(27). Let r(q) = -q**2 - q + 1. Let o(k) = -5*k**2 - 6*k - 13. Let w(d) = -o(d) - 2*r(d). What are the prime factors of w(t)?
7, 13
Let m be ((-38)/(-3))/(((-80)/(-15))/8). Let b(x) = 12*x - 143. List the prime factors of b(m).
5, 17
Let m(s) = 12*s**2 + 125*s + 7. Let v(j) = -3*j**2 - 31*j - 2. Let i(f) = -2*m(f) - 9*v(f). List the prime factors of i(-17).
2, 3, 7
What are the prime factors of ((-2 - 5098/(-30)) + (-138)/230)*6?
2, 251
Suppose -2*p = l - 4, -3*p - l = -1 - 3. Suppose -5*k + 118 - 28 = p. Suppose 0 = 3*i - 3*r - k - 357, 2*i = -4*r + 262. List the prime factors of i.
127
Let g = -77 - -85. Let m = 11 - g. What are the prime factors of m + (-43)/(-3)*9?
2, 3, 11
Suppose -164*u = -180*u + 71680. What are the prime factors of u?
2, 5, 7
Suppose -79*s + 5*z - 11660 = -84*s, -3*z = -12. What are the prime factors of s?
2, 3, 97
Suppose -4873110 = -210*b + 53